ed by r?
2
Let f(c) = 5*c + 46. Let u be f(0). Suppose -4*q + u = -3*r, 3*r + 2*q = -q - 18. What is the remainder when (-3)/(-6)*36*r/(-4) is divided by 16?
13
Let q = -482 + 504. Calculate the remainder when 273 is divided by q.
9
Suppose -14 = -3*s + 2*r - 0, 3*s - 20 = -r. Suppose -s*l = 2*l - 128. Calculate the remainder when 63 is divided by l.
15
Let y(k) = -584*k - 1941. What is the remainder when y(-12) is divided by 94?
85
Let j = 63 - 52. Suppose 12*v - 115 = -j*v. Calculate the remainder when (13/(-4) - 0)*-4 is divided by v.
3
Suppose m = 8*m - 805. Suppose m + 210 = 5*q. Suppose q = t - 61. Calculate the remainder when t is divided by 16.
14
Suppose 15*b = -81416 + 103436. What is the remainder when b is divided by 98?
96
What is the remainder when 433 is divided by ((-44)/132)/((-2)/422) + 2/3?
7
Suppose 289 = -7*h + 198. Let c(q) = q**2 + 12*q + 29. What is the remainder when c(h) is divided by (0 + -1)/((-2)/22)?
9
Let x = -7902 + 12173. Suppose -11*v = 1444 - x. Suppose -74 = -2*u - n, -u - n = -2*u + 37. What is the remainder when v is divided by u?
35
Suppose 59*a = 60*a - 71. Suppose -5*r = k - 16, -3*k - 16 = k. Calculate the remainder when a is divided by r.
3
Let d = 8714 + -8687. Calculate the remainder when 5696 is divided by d.
26
Let k(i) = -i**3 + 65*i**2 + 61*i + 935. Calculate the remainder when 1828 is divided by k(66).
13
Let q(j) = 3*j + 14. Let l be q(0). Suppose l*c + 6 = 16*c. Let h(y) = -y**2 + 4*y + 10. What is the remainder when 25 is divided by h(c)?
12
Suppose 3*j = 161*j - 2370. What is the remainder when 106 is divided by j?
1
Suppose -d + 18802 = 5*o, 4*d = -8*o - 0*d + 30076. What is the remainder when 3762 is divided by o?
1
Let v(c) be the second derivative of -11/12*c**4 + 0 + 1/20*c**5 - 8*c + 25/2*c**2 - 1/3*c**3. Calculate the remainder when 26 is divided by v(11).
2
Let s be (-3 - -21)/((-9)/6). Calculate the remainder when 196 is divided by s/(-18)*6 + 36.
36
Suppose 0 = 3*d + 370*f - 365*f - 46, -f = -5*d + 30. Let v = 463 - 169. Suppose 77 = -d*l + v. Calculate the remainder when l is divided by 5.
1
What is the remainder when -98*((-540)/35 + 7 + -5) is divided by 110?
106
Suppose -4*o + o = -54. Suppose 5*f + 10 = 0, 4*u + 3*f - o = 2*f. What is the remainder when (80/(-14))/5*-14 is divided by u?
1
Let f be 5/(-9 - 583/(-66)). Let t(j) = 7*j**2 + j - 2. Calculate the remainder when t(-3) is divided by 2/5*f/(-8 + 7).
10
Let s be 6*10 - (14 + -10). Suppose 0 = 77*w - s*w - 651. Calculate the remainder when 91 is divided by w.
29
Let a = 7014 - 6915. Calculate the remainder when 1284 is divided by a.
96
Suppose 0 = -4*j, 2*c + 5*j - 8*j = j + 602. What is the remainder when c is divided by 17?
12
Let z(w) = 663*w**2 - 486*w + 8. Calculate the remainder when z(-2) is divided by 65.
57
Suppose -4*f - s = -47, f - 13 = -2*s + 4. Let j(r) = 2*r**2 - r - 12. Let t = -1026 - -1070. What is the remainder when j(f) is divided by t?
43
Suppose 0 - 7 = -b. What is the remainder when 3*(160/(-25) + 6)*-6*5 is divided by b?
1
Suppose 8*g = -8*g + 8736. Suppose 5*s = 5*c - g - 29, 2*c - 5*s = 227. Calculate the remainder when c is divided by 25.
16
Let l(r) = -506*r - 751. Calculate the remainder when 7123 is divided by l(-5).
7
Let v(k) = 2*k + 20. Let h be v(-8). Suppose 3*i - 5*i = -h*c + 22, 0 = 3*c + 4*i - 44. Calculate the remainder when 12*1/(4/12) is divided by c.
4
Let h(g) = g**2 + 8*g. Let y = -28328 - -28347. Calculate the remainder when h(8) is divided by y.
14
Let c(i) = 21*i + 287. Let r be c(-13). Suppose 0 = -h + 3*p - p + 2, -16 = -h - 5*p. What is the remainder when 26 is divided by r*(3 - 0)/h?
5
Suppose -25*x - 2*s = -22*x - 54, 3*x + s = 48. What is the remainder when 44 is divided by x?
2
Suppose -5*x = -3*y - 17, -2*y - 8 = -0*y. Let a be (-1)/(5*1/5). What is the remainder when x - (a + 0) - 1*-20 is divided by 3?
1
Calculate the remainder when 3633 is divided by (-16)/2 + (-37 + 18 - -241).
209
Let x be 514*((-55)/10 - -6). Let s = -255 + x. What is the remainder when 2 is divided by s?
0
Let h(g) = -g**3 + 70*g**2 - 368*g - 47. Calculate the remainder when h(64) is divided by 969.
8
Let k(c) = 3*c**2 + 5*c - 20. Let p be k(3). Suppose p = 14*o - 6. Suppose 3*n - o*n + 3*w = 9, -w = 3*n - 11. Calculate the remainder when n is divided by 2.
1
Let j(x) = 35*x**2 - 29*x - 2. Let i be j(-9). Suppose -9*l - i = -26*l. Calculate the remainder when l is divided by 46.
44
Let r = 5186 - 5090. Calculate the remainder when 297 is divided by r.
9
Suppose 3*o + 1 = -d, 5*d + 2*o - 9 = o. What is the remainder when ((-14)/21)/(20/18)*-15 is divided by -1 - -4 - 1*(d + -5)?
3
Let l(d) = -d**2 + 7*d + 18. Let h = 100 - 60. Suppose 3*c + 2*c - h = 0. Calculate the remainder when 48 is divided by l(c).
8
Suppose 7*w = 4*w + 3*p + 54, -5*p = -5. Calculate the remainder when 1629 is divided by w.
14
Let d(k) = k**2 + 4*k + 7. Suppose -3*t + 79 + 23 = -r, -4*t - 5*r + 155 = 0. What is the remainder when 2 + (2 + t - -5) is divided by d(-5)?
8
Let n be -6 + 30/(-3) - -7. What is the remainder when 4/((-4)/15)*n is divided by 40?
15
Suppose -2*h + 14*h = 3*h + 675. What is the remainder when h is divided by 41?
34
Let y = 9378 + -9338. What is the remainder when 6918 is divided by y?
38
Let c = -2671 + 2698. Calculate the remainder when 156 is divided by c.
21
Let k = -753 - -2691. What is the remainder when k is divided by 78?
66
Let h(d) = 1096*d + 2392. What is the remainder when 1986 is divided by h(-2)?
186
Let w(n) = n**2 + 3. Suppose v - 64 = -3*v - 3*u, -3*u - 32 = -2*v. What is the remainder when w(10) is divided by (-8)/v + 108/8?
12
Suppose -7*p - 481 = -20*p. Calculate the remainder when 73 is divided by p.
36
Suppose 4*x + r + 138 = 6*r, -2*x = -2*r + 68. What is the remainder when ((10 - 6) + -5)*(x + -1) is divided by 19?
14
Let p = -2766 + 3157. What is the remainder when p is divided by 379?
12
Let y = 352 - 332. Let r(b) = -b**3 + 9*b**2 - 12*b - 2. Calculate the remainder when r(5) is divided by y.
18
Suppose -26*b + 1875 + 3819 = 0. Suppose 1205 = 17*w + b. Let n(z) = 12*z. What is the remainder when w is divided by n(1)?
10
Suppose -2*s = -17 + 3. Let k be (-30)/(-18) + (-836)/(-6). Suppose 3*u - 111 = 4*v, 5*u - k = u + 3*v. Calculate the remainder when u is divided by s.
5
Let i(w) = 7*w**3 - 5*w**2 + 29*w - 15. Let g(u) = -6*u**3 + 6*u**2 - 28*u + 14. Let m(h) = -6*g(h) - 5*i(h). What is the remainder when 791 is divided by m(9)?
35
Suppose -6*k = -384 + 102. What is the remainder when 741 is divided by k?
36
Suppose 1430 = -237*r + 250*r. Calculate the remainder when 483 is divided by r.
43
Suppose 3*i = -m - 2, 2*m + 1 - 3 = 0. Let v be (-1)/((-30)/25 - i). Suppose s - 372 = -v*s. Calculate the remainder when s is divided by 21.
20
Suppose 5*u - 466 = -21. Suppose 0 = -3*r + u + 52. Calculate the remainder when 133 is divided by r.
39
Suppose -245*u - 6883 = -48288. What is the remainder when 226 is divided by u?
57
Let v(d) = 51*d**2 - 27*d - 23. Let i(b) = -26*b**2 + 14*b + 12. Let c(u) = 11*i(u) + 6*v(u). Calculate the remainder when 93 is divided by c(-1).
5
Let h = -35 + 63. Suppose -302 = 5*n + 458. Let z = -141 - n. Calculate the remainder when h is divided by z.
6
Suppose i + 0*a = 2*a + 784, -2*i = a - 1598. What is the remainder when i is divided by 74?
56
Suppose -2*s + 2*m = -6816, -m - 2626 = -5*s + 14414. Calculate the remainder when s is divided by 61.
53
Suppose 7*c = -5*d + 2*c + 55, -38 = -3*d - 4*c. Calculate the remainder when 725 is divided by d.
5
Let a = 14 - 6. Let y(h) = 46*h**3 + h**2 - 18*h - 8. Let v be y(-3). Let t = v - -1199. Calculate the remainder when t is divided by a.
4
Suppose 3*n = 4*z - 67360, -691*z + 3*n = -690*z - 16858. What is the remainder when z is divided by 149?
146
Let n = -298 - -1010. Suppose 4*m + 5*h - 682 = 0, -5*h - n = -5*m + 163. Calculate the remainder when m is divided by 22.
19
Calculate the remainder when 386 is divided by 45/(-4)*13100/(-393).
11
Let z(l) = 104*l**3 + 6*l**2 + 2*l - 7. What is the remainder when 742 is divided by z(1)?
7
Let a = 250 + -247. Suppose a*o + 7*s - 1509 = 11*s, 5*o = -4*s + 2515. What is the remainder when o is divided by 22?
19
Suppose -70 = -4*u - u. Suppose -2472 - 258 - 18